{"id":2,"date":"2021-06-01T12:08:37","date_gmt":"2021-06-01T12:08:37","guid":{"rendered":"https:\/\/szmcsaladsegito.hu\/?page_id=2"},"modified":"2024-11-08T13:11:40","modified_gmt":"2024-11-08T13:11:40","slug":"sample-page","status":"publish","type":"page","link":"https:\/\/szmcsaladsegito.hu\/","title":{"rendered":"K\u00f6sz\u00f6nt\u0151"},"content":{"rendered":"\n<p class=\"has-black-color has-white-background-color has-text-color has-background has-link-color has-medium-font-size wp-elements-7ca9011e2c4f82dfe313379dc8a5b778\"><strong>Tudjuk j\u00f3l, milyen fontos a csal\u00e1d: azoknak is, akik abban \u00e9lnek, \u00e9s azoknak is, akik abban szeretn\u00e9nek \u00e9lni. Akik gondokkal k\u00fczdenek, akiknek seg\u00edts\u00e9gre van sz\u00fcks\u00e9ge. S nagyon fontos sz\u00e1munkra is, akik ezzel foglalkozunk \u2013 hivatalb\u00f3l \u00e9s elhivatotts\u00e1gb\u00f3l. Munk\u00e1nk soksz\u00edn\u0171 \u00e9s sokr\u00e9t\u0171. Els\u0151 olvasatra egyszer\u0171nek t\u0171nik az \u00e9rtelmez\u00e9s\u00fck: olyan tev\u00e9kenys\u00e9gek ezek, amelyekkel csal\u00e1dokat, gyermekeket seg\u00edt\u00fcnk, hogy \u00e9let\u00fck szebb \u00e9s jobb legyen. Ha szoci\u00e1lis, illetve gyermekekkel, saj\u00e1t gyermekeivel kapcsolatos probl\u00e9m\u00e1ja van, j\u00f6jj\u00f6n el hozz\u00e1nk. K\u00f6z\u00f6sen biztosan megtal\u00e1ljuk r\u00e1 a megold\u00e1st!<\/strong><\/p>\n\n\n\n<h4 class=\"wp-block-heading has-medium-font-size\"><strong>Kerekes L\u00e1szl\u00f3 &#8211; int\u00e9zm\u00e9nyvezet\u0151<\/strong><\/h4>\n\n\n\n<p><\/p>\n\n\n\n<p class=\"has-text-align-center has-white-background-color has-background\"><\/p>\n","protected":false},"excerpt":{"rendered":"<p>Tudjuk j\u00f3l, milyen fontos a csal\u00e1d: azoknak is, akik abban \u00e9lnek, \u00e9s azoknak is, akik abban szeretn\u00e9nek \u00e9lni. Akik gondokkal k\u00fczdenek, akiknek seg\u00edts\u00e9gre van sz\u00fcks\u00e9ge. S nagyon fontos sz\u00e1munkra is, akik ezzel foglalkozunk \u2013 hivatalb\u00f3l \u00e9s elhivatotts\u00e1gb\u00f3l. Munk\u00e1nk soksz\u00edn\u0171 \u00e9s sokr\u00e9t\u0171. Els\u0151 olvasatra egyszer\u0171nek t\u0171nik az \u00e9rtelmez\u00e9s\u00fck: olyan tev\u00e9kenys\u00e9gek ezek, amelyekkel csal\u00e1dokat, gyermekeket seg\u00edt\u00fcnk, hogy \u00e9let\u00fck szebb \u00e9s jobb legyen. Ha szoci\u00e1lis, illetve gyermekekkel, saj\u00e1t gyermekeivel kapcsolatos probl\u00e9m\u00e1ja van, j\u00f6jj\u00f6n el hozz\u00e1nk. K\u00f6z\u00f6sen biztosan megtal\u00e1ljuk r\u00e1 a megold\u00e1st! Kerekes L\u00e1szl\u00f3 &hellip; <a href=\"https:\/\/szmcsaladsegito.hu\/\" class=\"more-link\">Continue reading<span class=\"screen-reader-text\"> &#8222;K\u00f6sz\u00f6nt\u0151&#8221;<\/span><\/a><\/p>\n","protected":false},"author":1,"featured_media":0,"parent":0,"menu_order":0,"comment_status":"closed","ping_status":"open","template":"","meta":{"footnotes":""},"class_list":["post-2","page","type-page","status-publish","hentry"],"yoast_head":"<!-- This site is optimized with the Yoast SEO plugin v27.3 - https:\/\/yoast.com\/product\/yoast-seo-wordpress\/ -->\n<title>K\u00f6sz\u00f6nt\u0151 - Szigetszentmikl\u00f3s Csal\u00e1d- \u00e9s Gyermekj\u00f3l\u00e9ti K\u00f6zpont<\/title>\n<meta name=\"robots\" content=\"index, follow, max-snippet:-1, max-image-preview:large, max-video-preview:-1\" \/>\n<link rel=\"canonical\" href=\"https:\/\/szmcsaladsegito.hu\/\" \/>\n<meta property=\"og:locale\" content=\"hu_HU\" \/>\n<meta property=\"og:type\" content=\"article\" \/>\n<meta property=\"og:title\" content=\"K\u00f6sz\u00f6nt\u0151 - Szigetszentmikl\u00f3s Csal\u00e1d- \u00e9s Gyermekj\u00f3l\u00e9ti K\u00f6zpont\" \/>\n<meta property=\"og:description\" content=\"Tudjuk j\u00f3l, milyen fontos a csal\u00e1d: azoknak is, akik abban \u00e9lnek, \u00e9s azoknak is, akik abban szeretn\u00e9nek \u00e9lni. Akik gondokkal k\u00fczdenek, akiknek seg\u00edts\u00e9gre van sz\u00fcks\u00e9ge. S nagyon fontos sz\u00e1munkra is, akik ezzel foglalkozunk \u2013 hivatalb\u00f3l \u00e9s elhivatotts\u00e1gb\u00f3l. Munk\u00e1nk soksz\u00edn\u0171 \u00e9s sokr\u00e9t\u0171. Els\u0151 olvasatra egyszer\u0171nek t\u0171nik az \u00e9rtelmez\u00e9s\u00fck: olyan tev\u00e9kenys\u00e9gek ezek, amelyekkel csal\u00e1dokat, gyermekeket seg\u00edt\u00fcnk, hogy \u00e9let\u00fck szebb \u00e9s jobb legyen. Ha szoci\u00e1lis, illetve gyermekekkel, saj\u00e1t gyermekeivel kapcsolatos probl\u00e9m\u00e1ja van, j\u00f6jj\u00f6n el hozz\u00e1nk. K\u00f6z\u00f6sen biztosan megtal\u00e1ljuk r\u00e1 a megold\u00e1st! Kerekes L\u00e1szl\u00f3 &hellip; Continue reading &quot;K\u00f6sz\u00f6nt\u0151&quot;\" \/>\n<meta property=\"og:url\" content=\"https:\/\/szmcsaladsegito.hu\/\" \/>\n<meta property=\"og:site_name\" content=\"Szigetszentmikl\u00f3s Csal\u00e1d- \u00e9s Gyermekj\u00f3l\u00e9ti K\u00f6zpont\" \/>\n<meta property=\"article:modified_time\" content=\"2024-11-08T13:11:40+00:00\" \/>\n<meta name=\"twitter:card\" content=\"summary_large_image\" \/>\n<meta name=\"twitter:label1\" content=\"Becs\u00fclt olvas\u00e1si id\u0151\" \/>\n\t<meta name=\"twitter:data1\" content=\"1 perc\" \/>\n<script type=\"application\/ld+json\" class=\"yoast-schema-graph\">{\"@context\":\"https:\\\/\\\/schema.org\",\"@graph\":[{\"@type\":\"WebPage\",\"@id\":\"https:\\\/\\\/szmcsaladsegito.hu\\\/\",\"url\":\"https:\\\/\\\/szmcsaladsegito.hu\\\/\",\"name\":\"K\u00f6sz\u00f6nt\u0151 - Szigetszentmikl\u00f3s Csal\u00e1d- \u00e9s Gyermekj\u00f3l\u00e9ti K\u00f6zpont\",\"isPartOf\":{\"@id\":\"https:\\\/\\\/szmcsaladsegito.hu\\\/#website\"},\"datePublished\":\"2021-06-01T12:08:37+00:00\",\"dateModified\":\"2024-11-08T13:11:40+00:00\",\"breadcrumb\":{\"@id\":\"https:\\\/\\\/szmcsaladsegito.hu\\\/#breadcrumb\"},\"inLanguage\":\"hu\",\"potentialAction\":[{\"@type\":\"ReadAction\",\"target\":[\"https:\\\/\\\/szmcsaladsegito.hu\\\/\"]}]},{\"@type\":\"BreadcrumbList\",\"@id\":\"https:\\\/\\\/szmcsaladsegito.hu\\\/#breadcrumb\",\"itemListElement\":[{\"@type\":\"ListItem\",\"position\":1,\"name\":\"Kezd\u0151lap\",\"item\":\"https:\\\/\\\/szmcsaladsegito.hu\\\/\"},{\"@type\":\"ListItem\",\"position\":2,\"name\":\"K\u00f6sz\u00f6nt\u0151\"}]},{\"@type\":\"WebSite\",\"@id\":\"https:\\\/\\\/szmcsaladsegito.hu\\\/#website\",\"url\":\"https:\\\/\\\/szmcsaladsegito.hu\\\/\",\"name\":\"Szigetszentmikl\u00f3s Csal\u00e1d- \u00e9s Gyermekj\u00f3l\u00e9ti K\u00f6zpont\",\"description\":\"SZIGETSZENTMIKL\u00d3SI CSSK\",\"potentialAction\":[{\"@type\":\"SearchAction\",\"target\":{\"@type\":\"EntryPoint\",\"urlTemplate\":\"https:\\\/\\\/szmcsaladsegito.hu\\\/?s={search_term_string}\"},\"query-input\":{\"@type\":\"PropertyValueSpecification\",\"valueRequired\":true,\"valueName\":\"search_term_string\"}}],\"inLanguage\":\"hu\"}]}<\/script>\n<!-- \/ Yoast SEO plugin. -->","yoast_head_json":{"title":"K\u00f6sz\u00f6nt\u0151 - Szigetszentmikl\u00f3s Csal\u00e1d- \u00e9s Gyermekj\u00f3l\u00e9ti K\u00f6zpont","robots":{"index":"index","follow":"follow","max-snippet":"max-snippet:-1","max-image-preview":"max-image-preview:large","max-video-preview":"max-video-preview:-1"},"canonical":"https:\/\/szmcsaladsegito.hu\/","og_locale":"hu_HU","og_type":"article","og_title":"K\u00f6sz\u00f6nt\u0151 - Szigetszentmikl\u00f3s Csal\u00e1d- \u00e9s Gyermekj\u00f3l\u00e9ti K\u00f6zpont","og_description":"Tudjuk j\u00f3l, milyen fontos a csal\u00e1d: azoknak is, akik abban \u00e9lnek, \u00e9s azoknak is, akik abban szeretn\u00e9nek \u00e9lni. Akik gondokkal k\u00fczdenek, akiknek seg\u00edts\u00e9gre van sz\u00fcks\u00e9ge. S nagyon fontos sz\u00e1munkra is, akik ezzel foglalkozunk \u2013 hivatalb\u00f3l \u00e9s elhivatotts\u00e1gb\u00f3l. Munk\u00e1nk soksz\u00edn\u0171 \u00e9s sokr\u00e9t\u0171. Els\u0151 olvasatra egyszer\u0171nek t\u0171nik az \u00e9rtelmez\u00e9s\u00fck: olyan tev\u00e9kenys\u00e9gek ezek, amelyekkel csal\u00e1dokat, gyermekeket seg\u00edt\u00fcnk, hogy \u00e9let\u00fck szebb \u00e9s jobb legyen. Ha szoci\u00e1lis, illetve gyermekekkel, saj\u00e1t gyermekeivel kapcsolatos probl\u00e9m\u00e1ja van, j\u00f6jj\u00f6n el hozz\u00e1nk. K\u00f6z\u00f6sen biztosan megtal\u00e1ljuk r\u00e1 a megold\u00e1st! Kerekes L\u00e1szl\u00f3 &hellip; Continue reading \"K\u00f6sz\u00f6nt\u0151\"","og_url":"https:\/\/szmcsaladsegito.hu\/","og_site_name":"Szigetszentmikl\u00f3s Csal\u00e1d- \u00e9s Gyermekj\u00f3l\u00e9ti K\u00f6zpont","article_modified_time":"2024-11-08T13:11:40+00:00","twitter_card":"summary_large_image","twitter_misc":{"Becs\u00fclt olvas\u00e1si id\u0151":"1 perc"},"schema":{"@context":"https:\/\/schema.org","@graph":[{"@type":"WebPage","@id":"https:\/\/szmcsaladsegito.hu\/","url":"https:\/\/szmcsaladsegito.hu\/","name":"K\u00f6sz\u00f6nt\u0151 - Szigetszentmikl\u00f3s Csal\u00e1d- \u00e9s Gyermekj\u00f3l\u00e9ti K\u00f6zpont","isPartOf":{"@id":"https:\/\/szmcsaladsegito.hu\/#website"},"datePublished":"2021-06-01T12:08:37+00:00","dateModified":"2024-11-08T13:11:40+00:00","breadcrumb":{"@id":"https:\/\/szmcsaladsegito.hu\/#breadcrumb"},"inLanguage":"hu","potentialAction":[{"@type":"ReadAction","target":["https:\/\/szmcsaladsegito.hu\/"]}]},{"@type":"BreadcrumbList","@id":"https:\/\/szmcsaladsegito.hu\/#breadcrumb","itemListElement":[{"@type":"ListItem","position":1,"name":"Kezd\u0151lap","item":"https:\/\/szmcsaladsegito.hu\/"},{"@type":"ListItem","position":2,"name":"K\u00f6sz\u00f6nt\u0151"}]},{"@type":"WebSite","@id":"https:\/\/szmcsaladsegito.hu\/#website","url":"https:\/\/szmcsaladsegito.hu\/","name":"Szigetszentmikl\u00f3s Csal\u00e1d- \u00e9s Gyermekj\u00f3l\u00e9ti K\u00f6zpont","description":"SZIGETSZENTMIKL\u00d3SI CSSK","potentialAction":[{"@type":"SearchAction","target":{"@type":"EntryPoint","urlTemplate":"https:\/\/szmcsaladsegito.hu\/?s={search_term_string}"},"query-input":{"@type":"PropertyValueSpecification","valueRequired":true,"valueName":"search_term_string"}}],"inLanguage":"hu"}]}},"jetpack_sharing_enabled":true,"_links":{"self":[{"href":"https:\/\/szmcsaladsegito.hu\/index.php\/wp-json\/wp\/v2\/pages\/2","targetHints":{"allow":["GET"]}}],"collection":[{"href":"https:\/\/szmcsaladsegito.hu\/index.php\/wp-json\/wp\/v2\/pages"}],"about":[{"href":"https:\/\/szmcsaladsegito.hu\/index.php\/wp-json\/wp\/v2\/types\/page"}],"author":[{"embeddable":true,"href":"https:\/\/szmcsaladsegito.hu\/index.php\/wp-json\/wp\/v2\/users\/1"}],"replies":[{"embeddable":true,"href":"https:\/\/szmcsaladsegito.hu\/index.php\/wp-json\/wp\/v2\/comments?post=2"}],"version-history":[{"count":8,"href":"https:\/\/szmcsaladsegito.hu\/index.php\/wp-json\/wp\/v2\/pages\/2\/revisions"}],"predecessor-version":[{"id":159,"href":"https:\/\/szmcsaladsegito.hu\/index.php\/wp-json\/wp\/v2\/pages\/2\/revisions\/159"}],"wp:attachment":[{"href":"https:\/\/szmcsaladsegito.hu\/index.php\/wp-json\/wp\/v2\/media?parent=2"}],"curies":[{"name":"wp","href":"https:\/\/api.w.org\/{rel}","templated":true}]}}